{"id":439,"date":"2023-01-27T14:36:40","date_gmt":"2023-01-27T13:36:40","guid":{"rendered":"https:\/\/edelweiss-hohenkemnath.de\/?page_id=439"},"modified":"2023-02-07T16:36:59","modified_gmt":"2023-02-07T15:36:59","slug":"die-sg-edelweiss","status":"publish","type":"page","link":"http:\/\/edelweiss-hohenkemnath.de\/?page_id=439","title":{"rendered":"Edelweiss Hohenkemnath"},"content":{"rendered":"\n<p>Die Sch\u00fctzengesellschaft &#8222;Edelwei\u00df&#8220; Hohenkemnath e.V. ist mit 232 Mitgliedern (Stand 02. 2023)<\/p>\n\n\n\n<p>beheimatet in Hohenkemnath, einem Ort in der <a rel=\"noreferrer noopener\" href=\"http:\/\/www.ursensollen.de\" data-type=\"URL\" data-id=\"http:\/\/www.ursensollen.de\" target=\"_blank\">Gemeinde Ursensollen<\/a> im <a rel=\"noreferrer noopener\" href=\"http:\/\/www.kreis-as.de\" target=\"_blank\">Landkreis Amberg-Sulzbach<\/a>. Mitglied im <a rel=\"noreferrer noopener\" href=\"https:\/\/www.osb-ev.de\/\" data-type=\"URL\" data-id=\"https:\/\/www.osb-ev.de\/\" target=\"_blank\">Oberpf\u00e4lzer Sch\u00fctzenbund<\/a> und Teil des <a rel=\"noreferrer noopener\" href=\"https:\/\/schuetzengau-amberg.com\/\" data-type=\"URL\" data-id=\"https:\/\/schuetzengau-amberg.com\/\" target=\"_blank\">Sch\u00fctzengau Amberg<\/a>. <\/p>\n\n\n\n<p><strong>Zum Verein:<\/strong><\/p>\n\n\n\n<p><strong>Mitglieder:<\/strong> 232, davon: 142 Sch\u00fctzen allgemein, 66 Damen, 24 Sch\u00fcler, Jugend und Junioren.<\/p>\n\n\n\n<p>Neun Ehrenmitglieder, davon Winfried Wenkmann Ehrenobersch\u00fctzenmeister.<\/p>\n\n\n\n<p><strong>Teilnahme Rundenwettk\u00e4mpfe:<\/strong><\/p>\n\n\n\n<p>Zwei Mannschaften Liga Kampf Luftgewehr.<\/p>\n\n\n\n<p>Eine Mannschaft Breitensport Damen.<\/p>\n\n\n\n<p>Eine Mannschaft Liga Kampf Luftpistole.<\/p>\n\n\n\n<p>Eine Mannschaft Altersklasse Herren.<br><\/p>\n","protected":false},"excerpt":{"rendered":"<p>Die Sch\u00fctzengesellschaft &#8222;Edelwei\u00df&#8220; Hohenkemnath e.V. ist mit 232 Mitgliedern (Stand 02. 2023) beheimatet in Hohenkemnath, einem Ort in der Gemeinde Ursensollen im Landkreis Amberg-Sulzbach. Mitglied im Oberpf\u00e4lzer Sch\u00fctzenbund und Teil des Sch\u00fctzengau Amberg. Zum Verein: Mitglieder: 232, davon: 142 Sch\u00fctzen allgemein, 66 Damen, 24 Sch\u00fcler, Jugend und Junioren. Neun Ehrenmitglieder, davon Winfried Wenkmann Ehrenobersch\u00fctzenmeister. Teilnahme [&hellip;]<\/p>\n","protected":false},"author":1,"featured_media":329,"parent":0,"menu_order":1,"comment_status":"closed","ping_status":"closed","template":"","meta":{"footnotes":""},"class_list":["post-439","page","type-page","status-publish","has-post-thumbnail","hentry"],"blog_post_layout_featured_media_urls":{"thumbnail":["http:\/\/edelweiss-hohenkemnath.de\/wp-content\/uploads\/2023\/01\/sf_wappen_gewehr-150x150.png",150,150,true],"full":["http:\/\/edelweiss-hohenkemnath.de\/wp-content\/uploads\/2023\/01\/sf_wappen_gewehr.png",433,216,false]},"categories_names":null,"comments_number":"0","wpmagazine_modules_lite_featured_media_urls":{"thumbnail":["http:\/\/edelweiss-hohenkemnath.de\/wp-content\/uploads\/2023\/01\/sf_wappen_gewehr-150x150.png",150,150,true],"cvmm-medium":["http:\/\/edelweiss-hohenkemnath.de\/wp-content\/uploads\/2023\/01\/sf_wappen_gewehr.png",300,150,false],"cvmm-medium-plus":["http:\/\/edelweiss-hohenkemnath.de\/wp-content\/uploads\/2023\/01\/sf_wappen_gewehr.png",305,152,false],"cvmm-portrait":["http:\/\/edelweiss-hohenkemnath.de\/wp-content\/uploads\/2023\/01\/sf_wappen_gewehr.png",400,200,false],"cvmm-medium-square":["http:\/\/edelweiss-hohenkemnath.de\/wp-content\/uploads\/2023\/01\/sf_wappen_gewehr.png",433,216,false],"cvmm-large":["http:\/\/edelweiss-hohenkemnath.de\/wp-content\/uploads\/2023\/01\/sf_wappen_gewehr.png",433,216,false],"cvmm-small":["http:\/\/edelweiss-hohenkemnath.de\/wp-content\/uploads\/2023\/01\/sf_wappen_gewehr.png",130,65,false],"full":["http:\/\/edelweiss-hohenkemnath.de\/wp-content\/uploads\/2023\/01\/sf_wappen_gewehr.png",433,216,false]},"_links":{"self":[{"href":"http:\/\/edelweiss-hohenkemnath.de\/index.php?rest_route=\/wp\/v2\/pages\/439","targetHints":{"allow":["GET"]}}],"collection":[{"href":"http:\/\/edelweiss-hohenkemnath.de\/index.php?rest_route=\/wp\/v2\/pages"}],"about":[{"href":"http:\/\/edelweiss-hohenkemnath.de\/index.php?rest_route=\/wp\/v2\/types\/page"}],"author":[{"embeddable":true,"href":"http:\/\/edelweiss-hohenkemnath.de\/index.php?rest_route=\/wp\/v2\/users\/1"}],"replies":[{"embeddable":true,"href":"http:\/\/edelweiss-hohenkemnath.de\/index.php?rest_route=%2Fwp%2Fv2%2Fcomments&post=439"}],"version-history":[{"count":8,"href":"http:\/\/edelweiss-hohenkemnath.de\/index.php?rest_route=\/wp\/v2\/pages\/439\/revisions"}],"predecessor-version":[{"id":502,"href":"http:\/\/edelweiss-hohenkemnath.de\/index.php?rest_route=\/wp\/v2\/pages\/439\/revisions\/502"}],"wp:featuredmedia":[{"embeddable":true,"href":"http:\/\/edelweiss-hohenkemnath.de\/index.php?rest_route=\/wp\/v2\/media\/329"}],"wp:attachment":[{"href":"http:\/\/edelweiss-hohenkemnath.de\/index.php?rest_route=%2Fwp%2Fv2%2Fmedia&parent=439"}],"curies":[{"name":"wp","href":"https:\/\/api.w.org\/{rel}","templated":true}]}}